{"id":2854,"date":"2024-06-05T10:08:27","date_gmt":"2024-06-05T08:08:27","guid":{"rendered":"https:\/\/www.frequences.ch\/product\/die-gaerten-des-grossen-geistes\/"},"modified":"2024-06-05T10:08:27","modified_gmt":"2024-06-05T08:08:27","slug":"die-gaerten-des-grossen-geistes","status":"publish","type":"product","link":"https:\/\/www.frequences.ch\/de\/product\/die-gaerten-des-grossen-geistes\/","title":{"rendered":"Die G\u00e4rten des Grossen Geistes"},"content":{"rendered":"<p>Diese Meditation ist in erster Linie eine Arbeit mit Farben, die die F\u00e4higkeiten unserer wichtigsten Auraschichten vitalisieren, harmonisieren und erh\u00f6hen sollen, um uns zu einer gr\u00f6\u00dftm\u00f6glichen Hingabe an die Energie des Gro\u00dfen Geistes zu f\u00fchren, so wie der Schwamm im Ozean und der Ozean im Schwamm ist.<\/p>\n<p>Pranayama<br \/>\nDie Konzentration auf die Atmung und das Ausbalancieren der Energie ist ein \u201eMuss\u201c f\u00fcr jedes Medium. Diese Meditation garantiert ihm ein endokrines System, das nicht durch hohe Energien verwirrt wird, sowie ein ausgeglichenes autonomes Nervensystem. Pranayamas sind die effektivste Praxis f\u00fcr eine ausgeglichene Energiedichte und eine harmonische Anhebung des Schwingungsfeldes.<\/p>\n<p>.<br \/>\nTrack 1: Nadi Shodhana<br \/>\nTrack 2: Pranayama<br \/>\nTrack 3: Die G\u00e4rten des Grossen Geistes.<\/p>\n","protected":false},"excerpt":{"rendered":"<p>Diese Meditation ist in erster Linie eine Arbeit mit Farben, die die F\u00e4higkeiten unserer wichtigsten Auraschichten vitalisieren, harmonisieren und erh\u00f6hen sollen, um uns zu einer gr\u00f6\u00dftm\u00f6glichen Hingabe an die Energie des Gro\u00dfen Geistes zu f\u00fchren, so wie der Schwamm im Ozean und der Ozean im Schwamm ist.<\/p>\n","protected":false},"featured_media":1480,"template":"","meta":{"iawp_total_views":383},"product_brand":[],"product_cat":[72],"product_tag":[],"class_list":{"0":"post-2854","1":"product","2":"type-product","3":"status-publish","4":"has-post-thumbnail","6":"product_cat-meditationen","8":"first","9":"instock","10":"downloadable","11":"virtual","12":"purchasable","13":"product-type-simple"},"_links":{"self":[{"href":"https:\/\/www.frequences.ch\/de\/wp-json\/wp\/v2\/product\/2854","targetHints":{"allow":["GET"]}}],"collection":[{"href":"https:\/\/www.frequences.ch\/de\/wp-json\/wp\/v2\/product"}],"about":[{"href":"https:\/\/www.frequences.ch\/de\/wp-json\/wp\/v2\/types\/product"}],"version-history":[{"count":0,"href":"https:\/\/www.frequences.ch\/de\/wp-json\/wp\/v2\/product\/2854\/revisions"}],"wp:featuredmedia":[{"embeddable":true,"href":"https:\/\/www.frequences.ch\/de\/wp-json\/wp\/v2\/media\/1480"}],"wp:attachment":[{"href":"https:\/\/www.frequences.ch\/de\/wp-json\/wp\/v2\/media?parent=2854"}],"wp:term":[{"taxonomy":"product_brand","embeddable":true,"href":"https:\/\/www.frequences.ch\/de\/wp-json\/wp\/v2\/product_brand?post=2854"},{"taxonomy":"product_cat","embeddable":true,"href":"https:\/\/www.frequences.ch\/de\/wp-json\/wp\/v2\/product_cat?post=2854"},{"taxonomy":"product_tag","embeddable":true,"href":"https:\/\/www.frequences.ch\/de\/wp-json\/wp\/v2\/product_tag?post=2854"}],"curies":[{"name":"wp","href":"https:\/\/api.w.org\/{rel}","templated":true}]}}

Die Gärten des Grossen Geistes

<p>Diese Meditation ist in erster Linie eine Arbeit mit Farben, die die Fähigkeiten unserer wichtigsten Auraschichten vitalisieren, harmonisieren und erhöhen sollen, um uns zu einer größtmöglichen Hingabe an die Energie des Großen Geistes zu führen, so wie der Schwamm im Ozean und der Ozean im Schwamm ist.</p>
<p>Pranayama<br />
Die Konzentration auf die Atmung und das Ausbalancieren der Energie ist ein „Muss“ für jedes Medium. Diese Meditation garantiert ihm ein endokrines System, das nicht durch hohe Energien verwirrt wird, sowie ein ausgeglichenes autonomes Nervensystem. Pranayamas sind die effektivste Praxis für eine ausgeglichene Energiedichte und eine harmonische Anhebung des Schwingungsfeldes.</p>
<p>.<br />
Track 1: Nadi Shodhana<br />
Track 2: Pranayama<br />
Track 3: Die Gärten des Grossen Geistes.</p>

<p>Diese Meditation ist in erster Linie eine Arbeit mit Farben, die die Fähigkeiten unserer wichtigsten Auraschichten vitalisieren, harmonisieren und erhöhen sollen, um uns zu einer größtmöglichen Hingabe an die Energie des Großen Geistes zu führen, so wie der Schwamm im Ozean und der Ozean im Schwamm ist.</p>
